ime factors of 636676541?
89, 7153669
List the prime factors of 114060644.
2, 1579, 18059
What are the prime factors of 173319990?
2, 3, 5, 641, 9013
List the prime factors of 131016706.
2, 173, 378661
List the prime factors of 42336007.
7, 2297, 2633
What are the prime factors of 759516926?
2, 7, 31, 521, 3359
List the prime factors of 187221281.
13, 53, 271729
What are the prime factors of 2665752345?
3, 5, 19, 47, 66337
What are the prime factors of 58910703?
3, 191, 102811
List the prime factors of 63894395.
5, 29, 440651
List the prime factors of 479457385.
5, 11, 83, 127, 827
What are the prime factors of 366575906?
2, 9461, 19373
What are the prime factors of 4464030890?
2, 5, 11, 257, 157907
What are the prime factors of 210436997?
257, 818821
What are the prime factors of 91869586?
2, 43, 1068251
List the prime factors of 1297436188.
2, 503, 727, 887
List the prime factors of 583837389.
3, 859, 2797
What are the prime factors of 5442117008?
2, 340132313
What are the prime factors of 634461526?
2, 163, 367, 5303
List the prime factors of 920039482.
2, 163, 2822207
What are the prime factors of 23928224?
2, 313, 2389
List the prime factors of 275695446.
2, 3, 13, 43, 6323
List the prime factors of 312780691.
73, 4284667
List the prime factors of 68448041.
68448041
List the prime factors of 429741640.
2, 5, 17, 521, 1213
List the prime factors of 461159628.
2, 3, 38429969
List the prime factors of 2114354810.
2, 5, 23, 399689
What are the prime factors of 158161293?
3, 17573477
List the prime factors of 4076005.
5, 17, 79, 607
List the prime factors of 65334264.
2, 3, 17, 79, 2027
List the prime factors of 69722971.
69722971
What are the prime factors of 432881548?
2, 11, 257, 38281
List the prime factors of 339732451.
339732451
List the prime factors of 149044098.
2, 3, 7, 1777, 1997
What are the prime factors of 272812671?
3, 10104173
List the prime factors of 324293577.
3, 19, 5689361
What are the prime factors of 216001511?
11, 1997, 9833
What are the prime factors of 462070953?
3, 853, 20063
List the prime factors of 105193529.
7, 71, 211657
List the prime factors of 142957586.
2, 5987, 11939
What are the prime factors of 43710064?
2, 73, 37423
List the prime factors of 49579231.
13, 443, 8609
List the prime factors of 5182120311.
3, 431, 4007827
List the prime factors of 106839310.
2, 5, 10683931
List the prime factors of 4676977952.
2, 167, 875183
What are the prime factors of 381520410?
2, 3, 5, 31, 277, 1481
List the prime factors of 149118215.
5, 31, 67, 83, 173
What are the prime factors of 3921455632?
2, 29, 8451413
What are the prime factors of 140830141?
140830141
List the prime factors of 287206509.
3, 191, 501233
List the prime factors of 74431426.
2, 37215713
What are the prime factors of 41107122?
2, 3, 7, 17, 6397
What are the prime factors of 94383414?
2, 3, 191, 9151
List the prime factors of 6197465.
5, 23, 53891
What are the prime factors of 889818344?
2, 111227293
What are the prime factors of 1097570371?
17, 199, 324437
List the prime factors of 3370975248.
2, 3, 1061, 66191
What are the prime factors of 1427619?
3, 467, 1019
What are the prime factors of 76967171?
2441, 31531
What are the prime factors of 52113887?
7, 7444841
What are the prime factors of 33244795?
5, 103, 64553
List the prime factors of 220706358.
2, 3, 43, 881, 971
List the prime factors of 58708543.
58708543
List the prime factors of 99907117.
29, 67, 51419
What are the prime factors of 95799678?
2, 3, 13, 94477
List the prime factors of 179488231.
13, 19, 149, 4877
What are the prime factors of 24573773?
7, 3510539
List the prime factors of 655977883.
11, 29, 2056357
List the prime factors of 914800619.
19, 43, 1119707
What are the prime factors of 784100492?
2, 7, 29, 457, 2113
List the prime factors of 27698780.
2, 5, 17, 41, 1987
List the prime factors of 4449533316.
2, 3, 19, 19515497
List the prime factors of 87280851.
3, 7, 19, 218749
What are the prime factors of 1048566371?
1048566371
What are the prime factors of 68616273?
3, 11, 557, 3733
What are the prime factors of 412614258?
2, 3, 7, 59, 269, 619
What are the prime factors of 67625279?
293, 443, 521
What are the prime factors of 8713066314?
2, 3, 1452177719
What are the prime factors of 3144997082?
2, 313, 5023957
What are the prime factors of 162465501?
3, 11, 397, 12401
What are the prime factors of 4314367431?
3, 11, 43579469
List the prime factors of 4565380024.
2, 281, 359, 5657
What are the prime factors of 439235108?
2, 13, 8446829
What are the prime factors of 448068708?
2, 3, 12446353
List the prime factors of 37519283.
53, 707911
What are the prime factors of 23282736?
2, 3, 31, 15647
List the prime factors of 719047727.
719047727
List the prime factors of 499747472.
2, 7, 113, 5641
List the prime factors of 5180065.
5, 11, 19, 4957
List the prime factors of 27516220.
2, 5, 31, 44381
What are the prime factors of 106430551?
29, 149, 24631
What are the prime factors of 210305560?
2, 5, 23, 228593
What are the prime factors of 232293347?
11, 13, 1624429
List the prime factors of 196754064.
2, 3, 13, 71, 4441
What are the prime factors of 904555208?
2, 67, 1687603
What are the prime factors of 136583652?
2, 3, 43, 264697
List the prime factors of 98050905.
3, 5, 242101
List the prime factors of 2399446671.
3, 20719, 38603
What are the prime factors of 370515284?
2, 359, 258019
What are the prime factors of 234168242?
2, 7, 11, 571, 2663
What are the prime factors of 915561836?
2, 7, 32698637
What are the prime factors of 652353132?
2, 3, 41, 139, 9539
What are the prime factors of 9505198?
2, 4752599
What are the prime factors of 49489099?
11, 4499009
List the prime factors of 90682339.
11, 8243849
List the prime factors of 3186303608.
2, 17, 53, 26003
List the prime factors of 650129859.
3, 19, 29, 131101
What are the prime factors of 422683498?
2, 149, 251, 5651
What are the prime factors of 119716601?
17, 43, 163771
What are the prime factors of 40572590?
2, 5, 257, 15787
List the prime factors of 289610860.
2, 5, 7, 11, 181, 1039
What are the prime factors of 15998347?
521, 30707
What are the prime factors of 21368985?
3, 5, 11, 129509
List the prime factors of 46411707.
3, 15470569
List the prime factors of 423886300.
2, 5, 191, 22193
What are the prime factors of 605281138?
2, 7, 11, 19, 31, 6673
List the prime factors of 312775175.
5, 12511007
What are the prime factors of 1275741867?
3, 425247289
List the prime factors of 354223585.
5, 2843, 24919
List the prime factors of 84846117.
3, 4691, 6029
List the prime factors of 1355075596.
2, 7, 31, 83, 2687
List the prime factors of 3084291980.
2, 5, 7, 11, 17, 117811
List the prime factors of 1418542203.
3, 13, 17, 47, 45523
What are the prime factors of 978045312?
2, 3, 587, 4339
List the prime factors of 101506612.
2, 29, 269, 3253
What are the prime factors of 542373695?
5, 17, 23, 277429
What are the prime factors of 1271778059?
4643, 273913
What are the prime factors of 936023354?
2, 7, 53, 1261487
List the prime factors of 50939977.
11, 4630907
List the prime factors of 88079231.
19, 2027, 2287
What are the prime factors of 140208969?
3, 4637, 10079
List the prime factors of 2398651517.
2339, 1025503
List the prime factors of 5520830953.
11, 20887, 24029
What are the prime factors of 917777763?
3, 7, 23, 211129
List the prime factors of 1622438795.
5, 311, 1043369
List the prime factors of 145347660.
2, 3, 5, 807487
What are the prime factors of 239672237?
7, 34238891
What are the prime factors of 201933308?
2, 4391, 11497
List the prime factors of 42822549.
3, 7, 11, 61, 1013
List the prime factors of 499497002.
2, 4339, 57559
What are the prime factors of 264568191?
3, 1087, 81131
List the prime factors of 156139812.
2, 3, 139, 3467
List the prime factors of 218899749.
3, 72966583
List the prime factors of 134706272.
2, 43, 223, 439
List the prime factors of 71062923.
3, 467, 50723
What are the prime factors of 75903859?
75903859
What are the prime factors of 27035327?
11, 23, 106859
What are the prime factors of 35238160?
2, 5, 19, 97, 239
What are the prime factors of 1380668356?
2, 3257, 105977
List the prime factors of 2768879180.
2, 5, 569, 243311
What are the prime factors of 16425316?
2, 547, 7507